5, what is 8c0ba9c - 4?
8c0ba98
In base 5, what is -4 - -1001300?
1001241
In base 11, what is 255587827 - 0?
255587827
In base 11, what is 3435 - -16704?
1a039
In base 4, what is -31100 - 21130103?
-21221203
In base 4, what is 120011 + 301130223?
301310300
In base 7, what is -32253 - -21306?
-10644
In base 3, what is 1000201200011 - -12?
1000201200100
In base 11, what is 136 - 5015?
-498a
In base 14, what is 4a745 + d8?
4a83d
In base 8, what is -124660464 - -2?
-124660462
In base 14, what is c - -c2909?
c2917
In base 7, what is 3460321335 + -4?
3460321331
In base 8, what is -14 + -2345410?
-2345424
In base 14, what is -391d - 33?
-3952
In base 8, what is 47105 + -16411?
30474
In base 15, what is -5 + 1288c44?
1288c3e
In base 15, what is e87175 + 9?
e8717e
In base 7, what is -14 - -536566304?
536566260
In base 7, what is 0 + -544333?
-544333
In base 12, what is -345474a - 2?
-3454750
In base 14, what is 660 - -14017?
14677
In base 3, what is 112110 - -2011200202?
2012020012
In base 12, what is 410 + 635109?
635519
In base 14, what is -bca38 + cb?
-bc94b
In base 6, what is 24 - 1331511013?
-1331510545
In base 4, what is -100311303 - -3223?
-100302020
In base 11, what is 28 + 24244?
24271
In base 12, what is 665 + -5627?
-4b82
In base 6, what is -115524 - -2031343?
1511415
In base 11, what is -4747833a + -3?
-47478342
In base 4, what is -21202 - -21022220030?
21022132222
In base 4, what is -302130021 + 130?
-302123231
In base 14, what is -3 - 3382d3?
-3382d6
In base 15, what is 118aeb99 + 5?
118aeb9e
In base 10, what is 2 - -9340233?
9340235
In base 15, what is 1ab847b + 6?
1ab8482
In base 4, what is 2311010323130 - -10?
2311010323200
In base 11, what is -a049 + -16a2?
-10740
In base 6, what is -23510 + -3353?
-31303
In base 10, what is 46085408 - 4?
46085404
In base 3, what is 210 + -1112110001121?
-1112110000211
In base 5, what is -44 + 2022240010?
2022234411
In base 9, what is -3460076 - 5?
-3460082
In base 2, what is 10010 + -111001001001111001110?
-111001001001110111100
In base 16, what is 2de + b757d?
b785b
In base 9, what is 1816848 + 331?
1817280
In base 9, what is 4263150 + 0?
4263150
In base 13, what is -9426 + -1164?
-a58a
In base 2, what is -110 - -11111011001000011010?
11111011001000010100
In base 9, what is -1 + -328407670?
-328407671
In base 14, what is 1 - ca9700?
-ca96dd
In base 6, what is -230 + 143305324?
143305054
In base 3, what is 22 + 1020111022001121?
1020111022001220
In base 11, what is 4296807 - 1?
4296806
In base 3, what is -2000 - 1210211220212?
-1210211222212
In base 9, what is -38 - 42082?
-42131
In base 15, what is -207 - 10752?
-10959
In base 8, what is 66047 - -1630?
67677
In base 4, what is -1212223201022 + -2?
-1212223201030
In base 4, what is 233302223202 + -111?
233302223031
In base 13, what is 3 + ca7c4b?
ca7c51
In base 10, what is 5930 + 7627?
13557
In base 10, what is -1011744 + -8?
-1011752
In base 10, what is -1189 + 57681?
56492
In base 11, what is -aa - -189727?
189628
In base 16, what is 1916b - -23?
1918e
In base 7, what is 21112342 + 15?
21112360
In base 16, what is -c38f60 + -c?
-c38f6c
In base 2, what is 101101100000010 - 11011100?
101101000100110
In base 5, what is -42401 + -1240141?
-1333042
In base 8, what is -12 + 122053454?
122053442
In base 5, what is 10 + 1024041120?
1024041130
In base 8, what is -4 - 124056045?
-124056051
In base 4, what is -2230022133 - -11?
-2230022122
In base 11, what is 5 - 32789905?
-32789900
In base 6, what is 155 - 10232411?
-10232212
In base 9, what is -2378 + -15565?
-18054
In base 3, what is 20 - -1212200002011010?
1212200002011100
In base 10, what is -2 + 158511070?
158511068
In base 6, what is 53241140 - 10?
53241130
In base 8, what is -5 + -112221060?
-112221065
In base 6, what is 311 - -23045?
23400
In base 12, what is -61 - -266705?
266664
In base 3, what is -10 + -11120220011121122?
-11120220011121202
In base 9, what is -15 - 2735050?
-2735065
In base 2, what is -100111110100101 - -11000100101100?
-1111001111001
In base 10, what is -3 - 232150?
-232153
In base 2, what is -1011111 + 10100011000111?
10100001101000
In base 16, what is f5257e - -4?
f52582
In base 12, what is 47052 + 9b6?
47a48
In base 4, what is -13200333 - 20111?
-13221110
In base 15, what is -238 + 1374d9?
1372a1
In base 8, what is 3 + -70646336?
-70646333
In base 13, what is 962179 - -1?
96217a
In base 12, what is 38636 - 75?
38581
In base 4, what is 132022003 + 2023?
132030032
In base 16, what is -1c59 + -3d3?
-202c
In base 3, what is -101001 - -200121212011?
200121111010
In base 2, what is 100111011101011 + -10100111100?
100100110101111
In base 13, what is -696993 + -3a?
-696a00
In base 13, what is b7 + 1b904?
1b9bb
In base 12, what is 15 - 39b01a?
-39b005
In base 14, what is 47 - 306a5?
-3065c
In base 3, what is 12002 - -2121211121?
2122000200
In base 6, what is 145334 - 2032?
143302
In base 9, what is 126451 - -52?
126513
In base 13, what is 31 - -18ac04?
18ac35
In base 12, what is 155695aa - 1b?
1556958b
In base 4, what is 2031133032103 + 3?
2031133032112
In base 5, what is 111312341430 - 2?
111312341423
In base 3, what is 111111022 + -2002201?
102101121
In base 6, what is -31205441 - -30?
-31205411
In base 2, what is -1 - 1110010110010011001111111?
-1110010110010011010000000
In base 14, what is 2 + -76d576a?
-76d5768
In base 6, what is -2043111131 + -51?
-2043111222
In base 2, what is -1111001 + 111011011010101?
111011001011100
In base 12, what is 73888 + 63?
7392b
In base 10, what is -1 - -2889039?
2889038
In base 4, what is 32022021211 - -21?
32022021232
In base 14, what is -1560 + -c5dd?
-db5d
In base 6, what is 1220024 + -420?
1215204
In base 15, what is -102b91 + -10?
-102ba1
In base 8, what is 4 + -506616402?
-506616376
In base 8, what is 22 - -110313077?
110313121
In base 9, what is -175 + -10443870?
-10444155
In base 7, what is -1361405 + -3055?
-1364463
In base 4, what is -1 + 302211003330?
302211003323
In base 14, what is 26bb9 - 48?
26b71
In base 2, what is -11011 - 1010111010001011001000?
-1010111010001011100011
In base 15, what is 9 - 13491be?
-13491b5
In base 8, what is 11 + -3006607?
-3006576
In base 5, what is 32143 - 442044?
-404401
In base 5, what is 112 + 202300310?
202300422
In base 8, what is -64055035 + -1?
-64055036
In base 6, what is 120 + -2541533?
-2541413
In base 2, what is 111101110101110101110 + -1000000?
111101110101101101110
In base 3, what is 122110022002 - -111?
122110022120
In base 8, what is -30 - 1514633?
-1514663
In base 15, what is 5cae + -1e6?
5ab8
In base 16, what is -78c - c9a6?
-d132
In base 13, what is -4 - a0a9?
-a0b0
In base 7, what is 11023 - -11334?
22360
In base 8, what is -113141554 - 3?
-113141557
In base 7, what is -121 + 3635465?
3635344
In base 5, what is 23011343 - -1311?
23013204
In base 4, what is 2300 + -1323320?
-1321020
In base 11, what is a58296 - 213?
a58083
In base 14, what is -c44471 + 5?
-c4446a
In base 10, what is -1832 + 198811?
196979
In base 5, what is -41 - 140042200?
-140042241
In base 10, what is -13 - -7712371?
7712358
In base 7, what is -111 - -326261154?
326261043
In base 11, what is 20 + 45a6223?
45a6243
In base 12, what is 3b5ba5 + -a?
3b5b97
In base 12, what is -14112 + -3b?
-14151
In base 3, what is -2 - -22122102012101212?
22122102012101210
In base 4, what is 100331112000 + 113?
100331112113
In base 13, what is -149a8234 - -6?
-149a822b
In base 7, what is 2 + 26430142?
26430144
In base 13, what is -489722a + 2?
-4897228
In base 12, what is 1822b + 216?
18445
In base 15, what is 1003 - -17d?
1181
In base 3, what is -10 - 101002120221011212?
-101002120221011222
In base 16, what is -1242 + -70?
-12b2
In base 8, what is 243417 - -350?
243767
In base 2, what is -100100001110111 - -10010100101?
-100001111010010
In base 5, what is -2 - -3132104330?
3132104323
In base 7, what is 0 - -26460612?
26460612
In base 13, what is 469 + -6bb91?
-6b725
In base 12, what is -1b57b4 + 1?
-1b57b3
In base 4, what is -11301003221 + -103?
-11301003330
In base 12, what is -13623 - -785?
-12a5a
In base 10, what is 9362234 + 0?
9362234
In base 8, what is 12162401 + 175?
12162576
In base 16, what is -67 - -24886a?
248803
In base 8, what is 0 + 116525433?
116525433
In base 6, what is -11232154141 - -1?
-11232154140
In base 7, what is